{"id":209,"date":"2019-01-06T16:32:45","date_gmt":"2019-01-06T16:32:45","guid":{"rendered":"http:\/\/www.hierontajomia.fi\/?page_id=209"},"modified":"2019-01-06T16:53:23","modified_gmt":"2019-01-06T16:53:23","slug":"venyttelyopas-relevo","status":"publish","type":"page","link":"https:\/\/www.hierontajomia.fi\/?page_id=209","title":{"rendered":"Venyttelyopas Relevo"},"content":{"rendered":"\n<p>Relevon tarjoamasta venyttelyoppaasta l\u00f6yd\u00e4t k\u00e4tev\u00e4sti alueen mit\u00e4 haluat venytt\u00e4\u00e4 ja havainnollistavan videon tekemisen tueksi.  Jos joku asia askarruttaa, kerro se vastaanotolla niin katsotaan yhdess\u00e4. <\/p>\n\n\n\n<p><table border=\"1\">\r\n<tr valign=\"top\">\r\n\r\n<td>\r\n\t<iframe loading=\"lazy\" name=\"ikkuna\" width=\"100%\" height=\"1000\" scrolling=\"yes\" border=\"0\" src=\"https:\/\/www.relevo.fi\/venyttelyopas\/upotus\">\r\n\t<\/iframe>\r\n\r\n<\/td>\r\n<\/table><\/p>\n","protected":false},"excerpt":{"rendered":"<p>Relevon tarjoamasta venyttelyoppaasta l\u00f6yd\u00e4t k\u00e4tev\u00e4sti alueen mit\u00e4 haluat venytt\u00e4\u00e4 ja havainnollistavan videon tekemisen tueksi. Jos joku asia askarruttaa, kerro se vastaanotolla niin katsotaan yhdess\u00e4.<\/p>\n","protected":false},"author":1,"featured_media":0,"parent":0,"menu_order":0,"comment_status":"closed","ping_status":"closed","template":"","meta":{"footnotes":""},"class_list":["post-209","page","type-page","status-publish","czr-hentry"],"_links":{"self":[{"href":"https:\/\/www.hierontajomia.fi\/index.php?rest_route=\/wp\/v2\/pages\/209","targetHints":{"allow":["GET"]}}],"collection":[{"href":"https:\/\/www.hierontajomia.fi\/index.php?rest_route=\/wp\/v2\/pages"}],"about":[{"href":"https:\/\/www.hierontajomia.fi\/index.php?rest_route=\/wp\/v2\/types\/page"}],"author":[{"embeddable":true,"href":"https:\/\/www.hierontajomia.fi\/index.php?rest_route=\/wp\/v2\/users\/1"}],"replies":[{"embeddable":true,"href":"https:\/\/www.hierontajomia.fi\/index.php?rest_route=%2Fwp%2Fv2%2Fcomments&post=209"}],"version-history":[{"count":4,"href":"https:\/\/www.hierontajomia.fi\/index.php?rest_route=\/wp\/v2\/pages\/209\/revisions"}],"predecessor-version":[{"id":220,"href":"https:\/\/www.hierontajomia.fi\/index.php?rest_route=\/wp\/v2\/pages\/209\/revisions\/220"}],"wp:attachment":[{"href":"https:\/\/www.hierontajomia.fi\/index.php?rest_route=%2Fwp%2Fv2%2Fmedia&parent=209"}],"curies":[{"name":"wp","href":"https:\/\/api.w.org\/{rel}","templated":true}]}}